)/(-18)). What is u(r)?
3
Let i = 74 - 54. Suppose 4*d - 8 = 2*b, 0 = 5*b + 6*d - d + i. Let k(l) = l**2 + 10*l + 4. Give k(b).
-20
Let w(l) be the first derivative of 5*l**2/2 - 147*l - 1594. Determine w(30).
3
Let p(c) = c**3 - 3*c**2 - 3*c + 7. Let g(h) = 4*h - 271. Let t be g(67). Calculate p(t).
-38
Let p(w) be the third derivative of 0 + 0*w - 5/6*w**3 - 1/12*w**4 + 29*w**2. Suppose q - 8*q - 42 = 0. Determine p(q).
7
Let o(b) = b**3 - 10*b**2 + 10*b - 11. Let u be o(9). Let g(v) = v + 14*v + 0*v - 16*v - v. What is g(u)?
4
Let w = 21850 - 21861. Let r(c) = c + 4. What is r(w)?
-7
Let t be 3 + (-16*1)/(-4) + -12. Let f(d) = -3*d**2 - 29*d - 13. Let q(w) = w**2 + 14*w + 7. Let p(l) = t*q(l) - 2*f(l). Calculate p(13).
4
Let o(a) = 211*a - 4838. Let z be o(23). Let u(q) = -q**3 + 15*q**2 + q + 25. Give u(z).
40
Let s = 176664 - 176663. Let g(r) be the second derivative of 4*r**3/3 + 7*r**2/2 + r. Let j(y) = -7*y - 6. Let p(w) = 6*g(w) + 7*j(w). Calculate p(s).
-1
Suppose -70*z - 119 = -75*z + y, -5*y = -5. Let m(n) be the first derivative of 3*n + 2*n**2 + 1/4*n**4 - z + 1/3*n**3. Calculate m(-2).
-9
Let n(o) = -3*o - 2. Let h(x) = x**2 + 6*x + 15. Let f(g) = h(g) - 4*n(g). What is f(-14)?
-33
Let z(j) = 18*j**3 + 2*j**2 - 2*j + 39. Let p(d) = 11*d**3 + d**2 - d + 25. Let f(y) = 8*p(y) - 5*z(y). Give f(-4).
93
Suppose 0 = 34*r + 1 - 307. Let p(f) = -14*f**2 + 129*f - 20. Let t be p(r). Let l(g) be the second derivative of -g**4/12 + g**3 + 2*g**2 - g. Determine l(t).
-3
Let r(d) be the first derivative of -2*d**3/3 + 3*d**2/2 + 2*d + 8. Let q be 4 + -15 + 2/(-6*(-2)/42). Give r(q).
-42
Suppose 5*x + 20*l = 19*l - 80, -2*x = 2*l + 24. Let c(w) = -w**3 - 16*w**2 + 14*w - 17. Give c(x).
34
Let a = -22 - -12. Let d(k) = 6 - 4089090*k + 4089088*k - 16. Determine d(a).
10
Let f(l) = l - 1. Let o be f(4). Suppose o*g - 61 + 70 = 0. Let y(p) = -4*p - 1. Determine y(g).
11
Let f(m) = 11*m**2 + m. Let l be f(-1). Let z be (-4 + 16)/(-6) - l/(-1). Let o(u) = 4*u - 10. Give o(z).
22
Let a be (3 - (-6)/(-2))/(-4). Suppose -5*z - 49 - 61 = a. Let g be (-4)/z + (-748)/121. Let p(f) = -f**2 - 7*f - 1. Give p(g).
5
Let v(k) be the second derivative of k**5/60 + k**4/24 + 4*k**3/3 + 2*k**2 + 4*k - 6. Let w(h) be the second derivative of v(h). What is w(-6)?
-11
Let c = 5 - 2. Let j(t) = t**3 - t**2 + 144*t + 1. Let b(w) = -3*w**3 + 3*w**2 - 291*w - 1. Let v(a) = -b(a) - 2*j(a). What is v(c)?
26
Let b(n) = -3*n**2 + 27*n - 30. Let q be b(7). Let s(g) = -g + 381 - 4*g + 4*g - 380. Calculate s(q).
-11
Let y(f) be the second derivative of -f**5/20 - 3*f**4/4 + 20*f**3/3 + 53*f**2/2 - 980*f + 5. Give y(-12).
5
Let z = -74/107 - -5189/6420. Let t(a) be the third derivative of 24*a**2 + 0*a + 0 + 1/6*a**3 - 1/120*a**6 - 1/3*a**4 + z*a**5. What is t(6)?
-11
Let q(a) = -2*a + 21. Let p(w) = -2*w + 24. Let x(v) = -5*p(v) + 6*q(v). Calculate x(2).
2
Let h(r) be the third derivative of 65*r**2 + 1/12*r**4 + 0*r - 11/3*r**3 + 0. Calculate h(14).
6
Let w be 4/14 - 15/(-70)*50. Let i(q) = q**3 - 12*q**2 + 15*q - 45. Let h be i(w). Let t(d) = -d**2 - d**2 - 2*d**3 + 2*d - 1 - 4*d. Give t(h).
1
Suppose -5 = -4*r - 2*h + 21, -5*r = 16*h - 100. Let g(j) be the first derivative of 7/3*j**3 - 32 - 1/4*j**r + 1/2*j**2 + 0*j. What is g(7)?
7
Let w(l) = -l**3 + 10*l**2 + 2*l - 15. Suppose -3*p = 24*p + 1809. Let s = -57 - p. Determine w(s).
5
Suppose -5*m = -3*u - 95, 0 = 4*m - 5*u + 31 - 120. Let r(p) be the second derivative of -p**5/20 + 4*p**4/3 + p**3/6 - 13*p**2/2 + p. Determine r(m).
3
Let n(f) = -75*f**3 - 12 + 74*f**3 + 8*f + 4 - 6 + 5*f**2. What is n(7)?
-56
Let q be -4 - (3 - 3) - 42. Let b = -44 - q. Suppose -m = -i + 2, -i - b*i + 9 = -4*m. Let r(a) = -11*a**2 + 1. What is r(i)?
-10
Suppose 0 = 3*r - 15 - 3. Let o = 2114 - 1479. Let b(v) = -314*v - 317*v - 4 + o*v - v**2. Calculate b(r).
-16
Let q = -633 + 619. Let w(z) be the first derivative of z**4/4 + 5*z**3 + 7*z**2 - 3*z - 15. What is w(q)?
-3
Let w(z) = -378*z - 381. Let q be w(-1). Let c(b) = -9*b**2 - 4. Let m(o) = 1 + 3*o**2 - 4*o**2 + 0. Let l(u) = q*m(u) - c(u). Give l(-1).
13
Let t(l) = -49*l + 5. Let r(f) = 9*f - 1. Let q(c) = 11*c - 134. Let n be q(12). Let w(s) = n*t(s) - 11*r(s). Determine w(-7).
8
Let t(a) = 2*a**2 + 36*a + 144. Let s(h) = 5*h**2 + 73*h + 287. Let g(q) = 3*s(q) - 7*t(q). What is g(37)?
1
Suppose 281 = 4*z + 301. Let i(l) = 9*l + 22. Calculate i(z).
-23
Let w = -41 + 120. Let k = w - 78. Let m(q) = 3*q**2 - 2*q + 1. Determine m(k).
2
Let b(v) = -3*v - 1. Let i(q) = -5*q - 2. Let d(j) = -7*b(j) + 4*i(j). Let l = -144 + 181. Suppose -2*k + 4*w + l = 23, 0 = 3*k + 2*w - 5. Calculate d(k).
2
Let h(a) = a**2 - 2*a - 10. Let s be h(-7). Let j = s - 50. Let l(w) = 7*w - j*w + 6*w - 1 - w. What is l(-1)?
-10
Suppose -4 + 0 = -2*p. Let t(c) = 7*c - 1281 + 2561 - 1277 - 3*c - 5*c - 7*c. Calculate t(p).
-13
Let h(o) = -11*o - 780 - 765 + 1577 - 7*o. Give h(3).
-22
Suppose -2*v = 2*h + 16, -34*v + 12 = -37*v. Let z(q) be the second derivative of q**4/12 + q**3/6 - 5*q**2/2 - 3*q. Determine z(h).
7
Let c be (-10)/55 - 48/(-22). Suppose -4*y = c*s, 3*y - 11 = -8. Let t(h) = -h + 2. What is t(s)?
4
Suppose -14*b - 2344 + 1156 + 1132 = 0. Let f(o) = 6*o + 3. Give f(b).
-21
Let t(r) be the first derivative of -r**5/20 - r**4/12 + r**3/3 + 3*r**2/2 - 66*r + 38. Let o(b) be the first derivative of t(b). Calculate o(-2).
3
Let z(i) = 57*i**2 - 5*i + 57*i**2 + 98 + 25*i + 2 - 113*i**2. Calculate z(-10).
0
Let r(t) = -t**2 - 1. Let h be (-760)/100 - (-1)/(5/(-2)). Let i(q) = -7*q - 60. Let n be i(h). Determine r(n).
-17
Let t be -3 + 0 + (2 - 1). Suppose -5*v + 94*l - 8 = 96*l, v - 3*l - 12 = 0. Let k be 1/t*-6 - (-5 + v). Let r(z) = -z**3 + 8*z**2 - 2*z - 6. Calculate r(k).
-22
Let g(f) = f**3 - 13*f**2 - 27*f + 12. Suppose 49 = 3*r - w, 2*r - 1168*w = -1163*w + 50. Give g(r).
57
Let a(x) = 16*x**3 - 2*x**2 - 4*x + 5. Suppose -11*g + 0*g = -32*g + 21. Determine a(g).
15
Suppose -2*b = -b - 5. Suppose 4*l - 2*c - 3 - b = 0, 4*l - 4*c - 8 = 0. Let w(f) be the third derivative of f**4/12 + f**3/6 + 22174*f**2. Calculate w(l).
5
Let r(y) = -y**2 + 5*y - 9. Let h be (252/48 - 1/4)/(-2 - -3). What is r(h)?
-9
Let s(v) = 20*v - 15. Let i be s(1). Let f(x) = -2 - 27*x + i*x + 12*x + 4*x. Let h(d) = d**3 + 5*d**2 - 8*d - 9. Let q be h(-6). Calculate f(q).
-20
Let i(w) = -24*w + 6. Let g be ((-87)/(-435))/(2/10*1). What is i(g)?
-18
Suppose 25 - 1 = -17*g - 78. Let j(p) be the first derivative of p**2/2 - 2*p + 1. What is j(g)?
-8
Suppose 267*u = 830 - 1123 - 1309. Let j(w) = w**2 + 8*w + 17. Give j(u).
5
Suppose 0 = -2*v - 5*k + 2228 - 2224, -v = -3*k + 20. Let y(l) = -5*l**2 - 37*l + 13. Calculate y(v).
-11
Let z(j) = 15*j**3 - 2*j**2 + 2. Suppose -5*d + 1135 - 1160 = 0. Let l(t) = -7*t**3 + t**2 - 1. Let o(c) = d*l(c) - 2*z(c). Give o(-1).
-5
Suppose -3195*o - 375 = -3210*o. Let w(q) = q - 28. Give w(o).
-3
Let f(h) be the second derivative of h**5/20 + 5*h**4/6 + 4*h**3/3 - 3*h**2 + 460*h + 5. Calculate f(-8).
58
Let s(d) = 2*d. Let y be s(3). Let j(c) = -48*c - 4. Let x(p) = 23*p + 2. Let r(t) = y*j(t) + 13*x(t). Give r(3).
35
Let o(d) = -d**2 + 9. Let i be o(-12). Let g be (-1)/2 + (i/(-10))/(-3). Let y(q) = -q**3 - 6*q**2 - 6*q - 3. Let a be y(g). Let f(x) = 2*x - 1. Calculate f(a).
3
Let g(a) = a**3 - 10*a**2 - a + 7. Suppose 26*j - 5280 = 4*j. Let i = -230 + j. Calculate g(i).
-3
Let r(v) be the second derivative of -1/3*v**3 - 10 + 3*v**2 - 2*v. Calculate r(-5).
16
Let x(u) = u**3 - 5*u**2 - 6*u + 5. Let t(z) = -10*z**3 - 4*z - 28. Let d(f) = -5*f**3 - 2*f - 13. Let k(p) = 13*d(p) - 6*t(p). Let s be k(-1). Determine x(s).
5
Let l(x) = -8*x**2 + x - x**3 - 2 + 9*x**2 + 29. Let z be l(0). Let f = z + -20. Let b(h) = h - 2. Calculate b(f).
5
Let l(p) = -7*p**2 - 15*p + 8*p**2 - 6*p + 60*p + 34. Give l(-38).
-4
Let f(u) be the first derivative of u**4/4 + 4*u**3/3 - u**2/2 - 2*u + 1. Let k be 10437/2130 + 1/10. Suppose -27*v = -28*v - k, 0 = -5*d - 5*v - 45. Give f(d).
2
Let p be (-648)/(-90) + (-36)/30. Let n(d) = d**2 - 8*d + 9. What is n(p)?
-3
Let j(c) = -2*c + 2 - c**2 + 213*c**3 + 3*c**2 - 94*c**3 - 121*c**3. What is j(2)?
-10
Let a(r) be the second derivative of r**4/4 - r**3 + 11*r**2/2 - 275*r + 